)?
5, 181
Suppose 0 = 21*w - 26*w + 3805. What are the prime factors of w?
761
List the prime factors of (-5)/(20/(-8124)) - -6.
3, 7, 97
Let s = 7 + -1. What are the prime factors of 182/3 - 4/s?
2, 3, 5
Let l(q) = -4*q + 66. What are the prime factors of l(-16)?
2, 5, 13
Let t = 2319 + -1445. What are the prime factors of t?
2, 19, 23
Suppose 5*n - 1460 = -4*p, -4*n - 876 = -7*n - 5*p. List the prime factors of n.
2, 73
Let i be 3/(-9) + 7/((-105)/550). Let s = i + 58. List the prime factors of s.
3, 7
Suppose -2*h + 2507 = 687. What are the prime factors of h?
2, 5, 7, 13
What are the prime factors of -43*(2 + -8 - 9)?
3, 5, 43
Suppose 443 = 2*q - i, -q - 2*i = -3*i - 219. What are the prime factors of q?
2, 7
Let y(n) = -3*n**2 + 4*n**2 + 2 - 24*n + 27*n. Let q be (-1)/(-1)*1*-6. List the prime factors of y(q).
2, 5
Suppose 4*r = 2*m + 42, -50 + 5 = -4*r + m. Suppose r*p + 160 = 17*p. List the prime factors of p.
2
Suppose -5*v + 6*b = -822, 5*b = -2*v + 3*b + 342. List the prime factors of v.
2, 3, 7
Suppose -10 = -5*z, -3*v - 3*z + 13 = -26. Let k = 19 - 27. Let q = v + k. List the prime factors of q.
3
Let t = 4126 + -2800. List the prime factors of t.
2, 3, 13, 17
Suppose 0 = -68*a - 48*a + 62176. List the prime factors of a.
2, 67
Suppose -63 = 2*k + 2*b - 15, 2*k + 50 = -3*b. Let g = 30 + k. What are the prime factors of g?
2
Let h(y) = -y**3 - 37*y**2 - 8*y + 41. What are the prime factors of h(-37)?
337
Let h(b) = -32*b + 463. What are the prime factors of h(-61)?
3, 5, 7, 23
Let s(z) = -z**3 + z - 104. Let r be s(0). Let o(c) = -21*c**2 + 11*c + 4. Let j be o(2). Let x = j - r. List the prime factors of x.
2, 23
Suppose -g + 1 + 3 = 0. Let c(q) = -3*q**2 + 6*q**2 - g*q**2 + 4 - 13*q. What are the prime factors of c(-11)?
2, 13
Suppose 4*h - 2*a - 857 - 2119 = 0, 0 = -5*h + 4*a + 3717. List the prime factors of h.
5, 149
Let g = 0 + -1. Let x(i) = 3*i**3 - 6*i**2 + 2*i + 4. Let o(h) = h**3 + h + 1. Let j(t) = g*x(t) + 4*o(t). What are the prime factors of j(-3)?
3, 7
Suppose -r - 5 = -10. What are the prime factors of 2 - 5/(r/(-56))?
2, 29
Suppose -4*g = 5*o - 1743, -2*g - 5*o = -12 - 867. List the prime factors of g.
2, 3
Suppose 0 = -2*o - p + 6*p + 962, -4*o = 5*p - 1894. List the prime factors of o.
2, 7, 17
Suppose 4*m + 3*n - 5 = 0, 2 = m + 5*n + 5. Suppose -220 = -3*s - m*s. List the prime factors of s.
2, 11
Let p(j) = 53*j**2 + 5*j + 4. List the prime factors of p(-3).
2, 233
Suppose -5*f + 2*o = 4*o, -f + 22 = -4*o. What are the prime factors of (1 - f/1) + 75?
2, 37
What are the prime factors of ((-24)/(-6) - 2) + 63?
5, 13
Suppose 0 = -58*t + 66*t - 3560. List the prime factors of t.
5, 89
Suppose 2*l - 13 = -q, 2*q - 6 + 0 = 0. Suppose 8*o = -5*s + 4*o + 1377, l*o + 10 = 0. What are the prime factors of s?
277
Suppose 2*v + 1 = -3*i - 2, -10 = -5*v - 4*i. What are the prime factors of (305/(-15))/((-2)/v)?
61
Suppose 4212 = 8*y - 1036. List the prime factors of y.
2, 41
Let r be (1 - 1)*2/4. Suppose -g - 4*t + 127 = -r*g, -g + 3*t = -162. List the prime factors of g.
3, 7
Suppose 3*t = t. Suppose 4 = -0*y + 4*y + l, l = t. Let s = y - -6. List the prime factors of s.
7
Let s(c) be the third derivative of c**5/15 - 3*c**4/8 + 8*c**3/3 - 7*c**2. Let y be s(8). Suppose y = u + 4*u. What are the prime factors of u?
2, 5
Suppose -y = -32 + 29. Suppose 3*f = -5*d + 196, 202 = y*f - 3*d + 46. What are the prime factors of f?
3, 19
Let z = -13 + 16. Let l be z + (-1 - 2 - 0). Suppose l = -c + 3*c + 3*g - 28, -g + 4 = 0. What are the prime factors of c?
2
Let q(y) = y**2 - 25*y - 22. Let i be q(26). Suppose -12 = -i*s, s = -4*f - 2*s + 437. What are the prime factors of f?
107
Let b(a) = a + 5. Let m(q) = -3*q + 17. Let d be m(0). What are the prime factors of b(d)?
2, 11
Let m(u) = 6*u**2 + 42*u + 117. What are the prime factors of m(-19)?
3, 5, 11
Suppose 169*u - 9520 = 149*u. List the prime factors of u.
2, 7, 17
Let x(q) = 9*q**3 + 10*q**2 - 15*q - 8. Let u(p) = -4*p**3 - 5*p**2 + 7*p + 4. Let v(i) = -5*u(i) - 2*x(i). List the prime factors of v(-3).
2
Suppose 17 = 5*z - 83. Let p be ((-30)/z)/(3/(-88)). Let m = p + 4. List the prime factors of m.
2, 3
Suppose 0 = -7*y + 12*y - 5*s - 2775, -5*s - 1104 = -2*y. What are the prime factors of y?
557
Let k = -15 + 11. Let u(j) = j + 5. Let x be u(k). What are the prime factors of 11/(-22)*(-9 + x)?
2
Let z be 0/(2*(-2 - -3)). Suppose -r + 0 - 1 = z. Let l(u) = -6*u - 2. List the prime factors of l(r).
2
Let y(a) = a**2 + 4*a - 3. Let u be y(-5). Suppose -5*z + 322 = -3*h - h, -160 = 2*h - u*z. List the prime factors of 4/1*h/(-12).
2, 13
Suppose w - 50 - 19 = 0. Let o = w + 15. List the prime factors of o.
2, 3, 7
Suppose 0 = -4*i - 5*w, -13 = -5*i + 3*w - 6*w. Let m(b) = 2*b**3 - 5*b**2 + 9*b - 11. What are the prime factors of m(i)?
3, 53
Let a(u) = -u - 3. Let b be a(11). List the prime factors of 2894/14 - (5 + 74/b).
3, 23
Let x = 17 + -15. Let i(s) = 2*s**2 + s**x - 4*s**2 - 10*s + 10 + 5. What are the prime factors of i(-11)?
2
Suppose -17*w = -47828 + 12944. What are the prime factors of w?
2, 3, 19
Let k(j) = -2*j. Let r be k(-2). What are the prime factors of 1 + (-5172)/(-30) - r/10?
173
Suppose -2 = w, -o - 4*w + 0*w - 12 = 0. Let i be (o/6)/((-28)/126). Suppose 0 = 2*x - q - i*q - 110, 149 = 3*x + 2*q. List the prime factors of x.
3, 17
Let i(m) be the third derivative of -7*m**2 - 1/3*m**3 - 1/30*m**6 + 0*m**5 + 0 - 1/24*m**4 + 0*m. What are the prime factors of i(-2)?
2
Suppose -1 = -5*k + 9. Let f be 46/(-2 + (2 - k)). Let o = f - -46. List the prime factors of o.
23
Let o(v) = v**2 - 5*v - 20. Let w be o(8). Let k = 28 - 12. Let x = k + w. What are the prime factors of x?
2, 5
Let u be (-993)/(-15) + (-3)/15. Let z = 112 - u. List the prime factors of z.
2, 23
Suppose q - 147 = 2*r + 46, -q + 169 = 4*r. List the prime factors of q.
5, 37
Let r = 734 + -442. What are the prime factors of r?
2, 73
Let g(z) = 1038*z - 23. What are the prime factors of g(1)?
5, 7, 29
Suppose 12*m - 16*m = -28. What are the prime factors of 18/(-63) - (-352)/m?
2, 5
Let x = 3013 - 2039. List the prime factors of x.
2, 487
Let u(f) = -191*f**3 + 6*f**2 + 9*f + 1. List the prime factors of u(-2).
5, 307
Suppose 2*y + 4*y = -3576. What are the prime factors of (2/(-1))/((-1780)/y + -3)?
149
Suppose 4*u - 3 = -f, -4*u = -0*u - 5*f + 15. Suppose 4*q + 0*q = u. Let d(o) = -2*o + 4. List the prime factors of d(q).
2
Suppose -4*r = -6*r - 4*l + 26, 71 = 5*r + 4*l. List the prime factors of (-240)/(r/6 + -4).
2, 5
Suppose -x + 5*m + 877 = 0, 0 = -5*x + 7*m - 2*m + 4325. List the prime factors of x.
2, 431
Let t(b) = -21*b**3 - 5*b**2 + 9*b - 45. Let g(i) = -5*i**3 - i**2 + 2*i - 11. Let l(r) = -9*g(r) + 2*t(r). List the prime factors of l(4).
5, 37
Let a = -13 - -3. Let v be (-20 + 0)/(8 + a). What are the prime factors of ((-8)/v)/(14/(-175))?
2, 5
Let g(k) = 17*k**2 - 3*k - 3. Let r be g(-3). Let w = -101 + r. List the prime factors of w.
2, 29
Let v be -2 + 3 - (-28)/4 - -1. What are the prime factors of ((-84)/v)/(1/(-3))?
2, 7
Let a(u) = -8*u + 2. Let v be a(-15). Suppose 3*c - 139 = v. List the prime factors of c.
3, 29
What are the prime factors of (-22)/2*(11 + -40)?
11, 29
What are the prime factors of 2/6*(-3)/(-9)*2439?
271
Let s(a) = -a**2 - 8*a - 2. Let o be s(7). Let k = o - -182. List the prime factors of k.
3, 5
Let p(y) = 4*y**3 + y**2 - y - 2. Let m be p(2). Let n = 40 - m. List the prime factors of n.
2
Suppose -3*p + 13 = 4*u, -22 = -2*u - 3*u + 2*p. What are the prime factors of (-2)/u*152/(-4)?
19
Suppose -3*w - 38 = -5. Let t(p) = p**3 + 11*p**2 - 13*p - 3. List the prime factors of t(w).
2, 5, 7
Suppose 18*j - 11*j = 8624. List the prime factors of j.
2, 7, 11
Let c(b) be the first derivative of 5*b**2/2 - 2*b - 10. Let x be c(1). Suppose -137 - 28 = -x*h. List the prime factors of h.
5, 11
Let j be 1 + (-7)/(14/8). Let m be 38/(-9) - (-10)/45. List the prime factors of (-13 - m)*14/j.
2, 3, 7
Suppose -3*f - 9 = -2*f. Let g = f + 11. Suppose 7*a = g*a + 295. List the prime factors of a.
59
List the prime factors of (10*4)/(246/4797).
2, 3, 5, 13
Let d be 20/(-5) - (-560)/5. List the prime factors of d/45*(-30)/(-9).
2
Let k be ((-16)/40)/(1/(-160)). What are the 